 + 5 + -2 + (1 - 3).
-103
Calculate -461 - -406 - (-107 + -12).
64
1 + 16 - (226 + -221)
12
44 + 97 + -53 + -58
30
Evaluate -633 + 663 - (-1 + -4).
35
What is -8 - -6 - (3 + 4) - (26 - 21)?
-14
-5 + 34 + (-145 - -151)
35
Calculate -1 - (7 - (2 + 9) - 18).
21
Evaluate -16 - (168 - 85 - 163).
64
Calculate (9 - (16 + 5) - (1 - (18 + -3))) + 111.
113
-3 + -8 - (-12 - (-17 + 79))
63
What is the value of 34 + (-30 - -16) + 13 + (2 - (-1 + -4))?
40
What is (-20 - -16) + (10 + -2 - 12) + -35?
-43
What is the value of (-25 - 5) + -99 + 102?
-27
Evaluate (-16 - -45 - -35) + -20 + 37.
81
Evaluate (0 - -4) + -26 + (-53 - (7 - 58)).
-24
Evaluate 102 - (24 + 69 + -52).
61
Evaluate -66 + 77 + -45 + (0 - 3 - (13 + -21)).
-29
(46 - 25) + (-29 + -23 - 19)
-50
Evaluate 8 - (-30 - (26 - (27 + 4))).
33
(-1 - -32) + -28 + (-9 - (-7 + (-7 - -8)))
0
-19 - (-89 - (-103 + 49))
16
-2 + -2 - ((-17 - (-10 - 2)) + 1 + -65)
65
67 + 5 + 1 + -2 + 44 + (-64 - -21)
72
What is -86 + 9 + -31 + 55?
-53
Evaluate 79 - (4 + -10 - -84).
1
Evaluate (-25 - -117) + -93 - (35 + 0 + 1 + -2).
-35
Calculate (-110 - -105) + (-55 - -101).
41
What is (-28 - -17) + 28 + 4 - (-4 + 10)?
15
Calculate -39 + 1 + (8 - -21) + -23 + -12.
-44
Calculate -70 + ((-36 - 7) + 41 - 14).
-86
(-35 + (31 - -7) - -9) + -26
-14
(-1 - (11 + -9 + -8)) + (-52 - 3)
-50
Calculate (-35 - (-29 + -20)) + -22.
-8
What is 112 + -30 + -22 + -121?
-61
Evaluate 940 + -924 + 1 + 23.
40
Calculate (-10 + 1 - 1) + -14 + 14 - -29.
19
Evaluate -1498 - -1550 - (130 - 2).
-76
Evaluate -17 + 0 - (41 + -2 + (1504 - 1541)).
-19
What is -2 - -24 - 1 - (100 + 216 + -335)?
40
Evaluate -2 + -46 + -2 + (-9 - (-23 + 0 + 10)).
-46
What is -37 + (18 - (-12 - (-21 - (-9 - -10))))?
-29
What is 5 + 0 - (1425 + -1452)?
32
-23 + (3 - (3 + 4 - 31))
4
What is the value of -104 - (-12 + 23 + -14 - 22)?
-79
Calculate -29 - ((13 - (3 + -4)) + -11).
-32
What is the value of (17 - (-12 - -22)) + -13 + (2 - 12)?
-16
9 + -1 + (10 - (246 + -165))
-63
Evaluate -81 - (-8 + (58 - 106)).
-25
(-2 - (-1 - 32)) + -1 - (-13 + 36 + -18)
25
What is 21 - (-26 + (-10 - -24) + -22)?
55
Evaluate -36 + (0 - 1) + -3 + (-162 - -171) + -8.
-39
-63 + ((21 - -1) + 86 + -90 - 17)
-62
Evaluate -8 + (33 + 4 - (0 - (-3 - 8))) + -11.
7
Evaluate 11 - (-1 + 15) - (2 - -7) - 52.
-64
(23 - 2) + -30 + (1 - 26) + -8
-42
What is the value of (-3 + -1 - (-10 - -2 - -14)) + (2 - -5)?
-3
11 - (-82 - -175) - 22
-104
What is the value of 57 + -18 + 10 + -6?
43
What is 2 - -100 - -1 - ((190 - 211) + 25 + -1)?
100
7 - 5 - 5 - (0 - (-27 + 5 + 23))
-2
What is the value of (15 - (-39 + 36)) + 5 + (-1 - -4)?
26
What is the value of 8 + -21 - (-61 + 53 + -12)?
7
What is the value of 55 - ((62 + -49 - (27 + (-1 - -4))) + 6)?
66
Evaluate 8 - (-2 + (1 - -7) - (19 - 17)) - -26.
30
What is (-12 - (-2 + 3 - 0)) + (-15 - -22)?
-6
What is (-1 - -3 - -81) + -2 - (16839 + -16824)?
66
0 + -3 + -28 + 5 + (-49 - -39) + 13
-23
What is the value of (-82 - -71 - (-8 - 1)) + (-9 + 50 - 0)?
39
Calculate 30 + 4 + -2 + -1 + 13 - (9 - 0).
35
(9 - (6 - 3)) + -30 + -41 + (-31 - -73)
-23
Evaluate -4 + 206 - (1978 - 1878).
102
What is the value of -31 + 3 + 5 + (-12 - 1)?
-36
What is the value of 114 - (-111 + 86 - -194)?
-55
5 + (-3 - -2) + (4 - 2) - (12214 - 12200)
-8
Calculate -94 + 56 + 31 + (-7 - 8) + 2 + -2.
-22
Calculate 3978 + -3969 + (-2 - (-2 - -1) - 1).
7
Calculate (112 - 107) + -6 + (-2 - -25 - -3).
25
Evaluate 93 - 106 - (-9 - (-10 - -15)).
1
What is the value of 18 - ((16 - 23) + 79 + -7)?
-47
Evaluate 149 + -163 + -4 + (-3 - (3 - 18)).
-6
Evaluate -16 - (-8 - (20 + -10 + 45)).
47
Calculate (-7 - 19) + 1 - (-66 - -77).
-36
What is the value of 45 - (39 + -41) - (1 + 46)?
0
Calculate (-18 + 5 + -26 - -20) + 81.
62
-5 + 32 - (-16 + 26 - 9)
26
What is the value of 28 + 3 + -112 - (1 - 3 - -8)?
-87
What is the value of 22 + -6 + -9 + (1 + -1 - 5)?
2
What is the value of -61 - 4 - -12 - -92?
39
What is (11 - ((1 - 22 - -21) + -8 + 2)) + 9?
26
What is 359 + -185 + -26 + 12 + -9 + 0?
151
Calculate (-22 - -21 - -30) + -3 + 3 + -2 + -5.
22
2 - ((5 - (6 - -6)) + -13 - (-47 + 42))
17
What is 2 + (24 - 50) + 49 - 18?
7
-24 - (34 + -1 + (-233 - -218) + -33)
-9
What is 46 - (61 + -22) - 21?
-14
What is -5 + 16 + (6 - -2) + (4 - 19)?
4
Evaluate -15 - -1 - (82 + -18 + -64).
-14
What is 44 + -43 + -40 + 39?
0
-16 + (-3 - (-9 + 0 + (-148 - -149)))
-11
Calculate -11 - ((14 - 24) + 7).
-8
What is -18 - (-1 + 8 - (-41 + 19))?
-47
Calculate (-4 + -52 - (21 + -16)) + -5 + 1 + -9.
-74
What is -4 + -22 + 112 + -42 + -74?
-30
What is (104 - (-15 - (-31 - (-24 + 12)))) + 24?
124
47 + -2 + -340 + 344 + 4 + 1 + 0
54
What is the value of (9 + 7 - -8) + 188 + -188?
24
Evaluate (1 + 2 - (-8 - -1)) + -64 + -26 + 74.
-6
What is the value of 5 + 10 - ((-18 - 52) + 10 + -20)?
95
Evaluate 48 - (6 + (19 + -6 - 9)).
38
What is -60 + (71 - 16) + (-1 - 5) - -14?
3
What is 151 - 146 - (36 - -1) - -144?
112
-2 + -106 - (-4750 - -4723)
-81
(-98 - (-18 - -13)) + 158
65
Calculate 19 + -108 + (407 - 396).
-78
-26 - (-2 + -11 + (11 - (-5 + -5 - 3)))
-37
What is 46 + -1 + 240 + -229 + 4 + 0?
60
What is the value of 87 + (63 - (47 - -50))?
53
Calculate 145 + -121 + (11 - -89).
124
What is 26 + (34 - 17) + -30 + 0 + -25?
-12
What is the value of -3 + 613 + -597 + -23 + 1?
-9
What is the value of -184 + 110 + (127 - 32)?
21
Evaluate (38 - 17 - 5) + 21.
37
Evaluate 14935 + -15050 - (-1 - (43 + -2)).
-73
Calculate 108 - -12 - 40 - 52.
28
What is the value of (10 - (-5 - (7 + -27 + 13))) + (-77 - -3)?
-66
What is the value of 0 - (-11 + -53 - -58 - (0 + 23))?
29
What is the value of -92 + (55 - -148) + -77?
34
Calculate (-14 + 8 - -5) + 10 + (18 - 11) + -6.
10
(-280 - -294) + -3 + -28
-17
What is (31 - -74) + -106 - (0 + 1)?
-2
Calculate 8 + (58 - (170 + -94)).
-10
What is 0 - 18 - (46 + -76 + -31 + 18)?
25
Evaluate (-13 - -6) + -16 - (60 - -7).
-90
What is (-62 + 29 - 18) + 8?
-43
1 - (-14 - -5 - -3 - -43)
-36
Calculate 2 + -16 - 2 - (7 - ((-7 - -16) + -4)).
-18
128 + -7 + 2 + (9 - 5) + (1 - 3)
125
What is -14 + -76 - -101 - (0 + 3 + -15)?
23
31 + (10 - (-21 + 42))
20
Evaluate (-16 - 1) + -10304 + 10393.
72
What is the value of -56 - (0 + -48 + 33)?
-41
What is the value of -8 + (-27 - 2 - ((-21 - -23) + 6)) + -6?
-51
7 + (4 - (27 + -7)) + (-1 - -3)
-7
Evaluate 64 + -3 - (-54 - -52).
63
(-1 - 54) + (4261 - 4197)
9
Calculate 6 + (4 - 54 - 0) - (35 - (46 + -5)).
-38
Calculate -78 - (8 + (-2 - -5 - (-221 + 218))).
-92
Calculate 27 + (10 + (0 - -1) - (-1858 + 1862)).
34
Calculate -6 - (-12 + 15 + -9) - (-9 + -10).
19
What is the value of (24 - (53 + 7)) + 68?
32
What is the value of -23 + -14 + -3 + -115 + 98?
-57
Evaluate 65 + (-96 - -19) - (1 + 1 - -75).
-89
(-6 - -47) + (-1103 - -1076)
14
Calculate (-59 - (20 + -39)) + (14 - -4).
-22
Calculate -118 + (-94 - (-153 + -168)).
109
Evaluate (-12 + -21 - -15) + 15 + 93 + -3.
87
What is the value of 35114 + -34997 + (-10 + -2 - 0)?
105
-2 - (15 - (-17 - -5 - -14))
-15
What is the value of 12 + -4 + -22 - -30?
16
Calculate (-31 - 1) + 14 + (-1 - (10 - -3)).
-32
Evaluate (4054 - 4116) + (56 - 1).
-7
Calculate -12 + -93 + 18 - (-10 + (6 - 0) + -3).
-80
What is the value of (-14 - -11) + -7 + -9 + (2 - -15)?
-2
What is the value of -6 + (-25 + 39 + (4 - (12 + -3)) - -2)?
5
Calculate -10 + (-4 - (10 - 26)) + (0 - 11).
-9
What is the value of (7 - -59) + (-78 - -61)?
49
Evaluate (-1 - 2) + 5 + 0 - 25 - (-4364 + 4370).
-29
Evaluate -1996 + 1978 - (2 + -3 + 1) - 14.
-32
What is (-13 - -17) + -8 - -35 - 6?
25
What is the value of 9 - (58 - (1 - 2 - (-4 - (8 + -20))))?
-58
Evaluate -2 + (7 - -5) - (-10 - (-10 - 42)).
-32
What is the value of (-27 + 24 - -19) + -6?
10
Calculate (-1 - -47) + 10 + -96.
-40
What is -14 + (52 - (-24 - -21) - -7)?
48
Evaluate -4 + 8 + -6 + 5 - 6 - (228 + -165).
-66
What is the value of -24 + (24 - (-126 + 6 + 21))?
99
-5 - (-2 + 136 + -76)
-63
What is the value of (-36 - -35 - (-1 + -6)) + 2 - 9 - 0?
-1
-33 + 1 + 20 + -1006 + 967
-51
What is the value of 7 - (31 - (-41 - -42) - (2 + -10))?
-31
What is -1 + ((-10 - -5 - 9) + -10 - -6)?
-19
-154 + 54 - -86 - (-1 + 21)
-34
(-7 - -2) + -204 + 203 + (10 - 0)
4
What is 1 - 11 - (62 + 1 + -73 - (-1 + 78))?
77
What is -7 + 11 + (-2 - 5) + 11 - (1 + -36)?
43
Eva